ate the greatest common factor of 12516 and 49342244.
4172
What is the greatest common divisor of 829465 and 1715?
35
Calculate the greatest common factor of 289 and 5691.
1
Calculate the highest common factor of 472063875 and 45.
15
Calculate the highest common divisor of 661050 and 1390.
10
What is the highest common divisor of 4081428 and 117504?
1836
What is the greatest common factor of 15070334 and 7?
1
What is the greatest common divisor of 220626 and 75159?
63
Calculate the greatest common factor of 36736004 and 173676.
1412
What is the highest common factor of 869 and 24534872?
79
Calculate the greatest common factor of 58850 and 4048.
22
What is the greatest common factor of 5 and 253454?
1
What is the highest common divisor of 10228984 and 52?
4
What is the highest common divisor of 493534797 and 1407?
1407
Calculate the highest common factor of 266 and 25566989.
133
What is the greatest common divisor of 96624 and 20937213?
6039
What is the greatest common factor of 5055210 and 2430?
810
Calculate the greatest common factor of 666 and 3897594.
18
What is the greatest common divisor of 220298 and 1036?
74
Calculate the greatest common divisor of 1630088 and 16.
8
What is the highest common factor of 29522 and 247080?
58
Calculate the greatest common divisor of 108406314 and 1314.
1314
What is the greatest common divisor of 144443149 and 76?
19
Calculate the highest common factor of 11 and 6324538.
11
What is the greatest common divisor of 28 and 920956?
4
What is the highest common divisor of 1404228870 and 2637?
2637
Calculate the highest common factor of 627010 and 490.
10
Calculate the greatest common factor of 6193 and 12949.
563
What is the highest common divisor of 2057 and 19706247?
187
What is the highest common factor of 1239511 and 40651?
689
Calculate the highest common divisor of 131418 and 4263.
147
What is the highest common divisor of 56214 and 3026241?
81
Calculate the highest common factor of 2676571477 and 17.
17
Calculate the greatest common factor of 39640 and 848.
8
What is the highest common factor of 52204565 and 217?
7
Calculate the greatest common factor of 13516 and 116002.
62
Calculate the highest common factor of 2284341 and 54332.
799
Calculate the highest common factor of 524 and 35228.
4
Calculate the highest common divisor of 3220 and 12279225.
35
Calculate the highest common factor of 10736 and 5237216.
976
Calculate the greatest common factor of 1386 and 72196377.
33
Calculate the highest common divisor of 950841784 and 263.
263
What is the highest common factor of 44693 and 16523265?
2629
What is the greatest common factor of 976 and 1763968?
16
Calculate the greatest common factor of 7757397 and 1269.
1269
What is the highest common divisor of 1188425 and 175?
175
Calculate the greatest common divisor of 114271 and 69361.
499
What is the greatest common divisor of 1380 and 16415790?
690
What is the highest common divisor of 1681750 and 135100?
350
What is the highest common factor of 319 and 1525469?
11
What is the highest common factor of 3 and 23349489?
3
What is the greatest common factor of 3369 and 44487?
3
What is the highest common factor of 34740 and 28290?
30
What is the highest common divisor of 49490 and 639310?
70
Calculate the greatest common factor of 1781 and 42887.
13
Calculate the greatest common factor of 5777 and 37795750.
109
What is the greatest common factor of 864780 and 67237?
71
Calculate the greatest common factor of 962520 and 940.
20
Calculate the greatest common factor of 4575 and 368850.
75
Calculate the highest common factor of 7294 and 15932.
14
What is the highest common divisor of 74343808 and 1408?
1408
Calculate the greatest common divisor of 332006999 and 559.
43
What is the highest common factor of 15748 and 3803396?
508
What is the greatest common divisor of 1004 and 6312148?
1004
Calculate the highest common factor of 14105550 and 1735.
1735
What is the highest common divisor of 1200 and 3172440?
120
Calculate the greatest common factor of 1568688 and 246.
6
What is the greatest common divisor of 24304488 and 3120?
312
What is the highest common divisor of 11727 and 17217842?
1303
Calculate the highest common factor of 4 and 2585278.
2
Calculate the highest common divisor of 9 and 37816938.
9
Calculate the highest common divisor of 148 and 2183380.
4
Calculate the highest common factor of 96741150 and 570.
30
What is the greatest common divisor of 176430 and 1785?
15
What is the highest common factor of 453789 and 1211868?
1323
Calculate the greatest common factor of 14256 and 1491484104.
7128
Calculate the greatest common divisor of 27395690 and 140.
70
What is the highest common divisor of 17242 and 1533563827?
8621
Calculate the greatest common factor of 367982 and 2546328.
2686
Calculate the highest common divisor of 18612 and 513612.
396
Calculate the highest common factor of 9851661 and 99.
9
What is the greatest common divisor of 44515623 and 942?
471
What is the greatest common factor of 249 and 56846451?
249
Calculate the greatest common factor of 10746346 and 91676.
1066
What is the greatest common divisor of 188397400 and 30600?
3400
Calculate the greatest common divisor of 702 and 1084320.
54
Calculate the greatest common divisor of 1607618 and 4829.
439
Calculate the greatest common divisor of 9 and 32539701.
3
What is the highest common divisor of 7093871 and 220239?
2719
Calculate the greatest common factor of 47200 and 6660864.
1888
Calculate the highest common divisor of 9144 and 365.
1
Calculate the highest common factor of 14852 and 128874517.
3713
What is the highest common factor of 1159 and 161467?
61
Calculate the greatest common factor of 8170143 and 236.
59
What is the highest common divisor of 650009 and 1102?
19
Calculate the greatest common divisor of 135603 and 53131.
793
Calculate the greatest common divisor of 1548342 and 252.
18
Calculate the greatest common divisor of 55161710 and 155.
155
Calculate the highest common divisor of 494638075 and 100.
25
What is the greatest common divisor of 165399 and 41795?
13
Calculate the greatest common factor of 31514 and 7826.
14
What is the greatest common divisor of 5046 and 6786?
174
What is the greatest common factor of 1850 and 12587622?
74
Calculate the greatest common divisor of 714 and 3064194.
42
Calculate the highest common factor of 8525 and 1358575.
775
Calculate the greatest common divisor of 1106927106 and 186.
186
Calculate the highest common factor of 150004974 and 1666.
1666
What is the highest common divisor of 1400 and 18858300?
100
Calculate the highest common factor of 1092 and 1778413.
91
What is the greatest common divisor of 848334760 and 52?
52
Calculate the highest common divisor of 29085 and 14658.
21
Calculate the highest common divisor of 482447713 and 11.
11
What is the greatest common divisor of 534854 and 19448?
34
What is the highest common divisor of 901355 and 52845?
65
Calculate the greatest common factor of 897 and 21983637.
39
Calculate the greatest common divisor of 79794 and 1143.
9
What is the highest common divisor of 4470309 and 261?
9
What is the greatest common factor of 88765596 and 84294?
4014
Calculate the highest common divisor of 9930 and 88827160.
3310
What is the greatest common factor of 259854 and 33810?
966
What is the highest common divisor of 1590 and 13372536?
318
Calculate the greatest common factor of 7911603 and 106547.
217
Calculate the highest common divisor of 75805000 and 11200.
200
Calculate the greatest common divisor of 1391020840 and 22506.
7502
Calculate the greatest common divisor of 31 and 1585161626.
31
What is the highest common divisor of 32550 and 8484?
42
What is the highest common factor of 403350388 and 28?
28
What is the greatest common factor of 36 and 73916019?
9
Calculate the highest common divisor of 299418 and 1806.
42
Calculate the highest common factor of 121508980 and 40.
20
What is the highest common divisor of 1239 and 188834338?
413
Calculate the highest common factor of 107172 and 96156.
36
What is the greatest common divisor of 490805 and 4096085?
1295
What is the highest common factor of 7698 and 804390?
6
What is the highest common factor of 8097377 and 123?
41
What is the greatest common f